e v(-15). Suppose -t*s + 0*s = 3. Let u(p) = 4*p**2 + p + 1. List the prime factors of u(s).
2
Let s(z) = 17*z**2 + 13*z**2 - 28*z**2 - 14*z. List the prime factors of s(11).
2, 11
Let p = -1156 + 1199. List the prime factors of p.
43
Suppose -11*w + 12*w - 2*a - 67 = 0, 2*a + 343 = 5*w. What are the prime factors of w?
3, 23
Suppose -r + 269 = -2*v + 5*v, -3*v = 2*r - 541. List the prime factors of r.
2, 17
Let c be 1 + -3*(2 + -3). Let u(n) = 3*n - 7. List the prime factors of u(c).
5
Suppose -367 - 9203 = -29*p. List the prime factors of p.
2, 3, 5, 11
List the prime factors of -1 - (-3 + 7 + -729).
2, 181
Suppose 4*a = 2*j + 10, -1 = 5*j - 6. Let k(r) = 0*r**2 - 2 + 0*r - r**a - r + 5*r**3 - 2*r**2. List the prime factors of k(2).
2, 5
Let b(l) = l**3 + 41*l**2 + 117*l + 9. What are the prime factors of b(-19)?
2, 179
Suppose 5*o - 80 = 5*w, o - 8 = 2*w + 3*w. Let f = o + 21. What are the prime factors of f?
3, 13
Suppose 0*y = -4*h - y - 77, -4*h + y = 83. List the prime factors of ((-2408)/(-70))/(2/h*-2).
2, 43
Let s = 0 - -4. Suppose 62 = s*q - 66. Suppose z - 2*z + q = 0. What are the prime factors of z?
2
Suppose -3 = z, -u - 15*z = -11*z - 933. What are the prime factors of u?
3, 5, 7
Suppose y + 14184 = 7*y. Suppose w = -11*w + y. What are the prime factors of w?
197
Suppose 0*f - 3*f - 3*v + 555 = 0, 3*f = -5*v + 553. Suppose 20*r = 22*r - f. List the prime factors of r.
3, 31
Let n = -174 - -306. List the prime factors of n.
2, 3, 11
Suppose -294 = -6*u + 3*u. Let s = 65 - u. Let n = s + 56. What are the prime factors of n?
23
Let y(d) = 128*d**2 + 5*d - 38. What are the prime factors of y(5)?
3187
Suppose -r - 438 = 3*z - 2852, -4*r - 4*z + 9672 = 0. List the prime factors of r.
2, 5, 11
Let z(y) = -y**3 + 3*y**2 - 10*y - 11. List the prime factors of z(-9).
1051
Suppose 3972 - 438 = 2*n - 2*w, 2*n - 4*w = 3530. List the prime factors of n.
29, 61
Let o(x) = 16*x**2 + 4. Let i be 20/15 + 4/(-3). Suppose -5*k = j + 7, -3*k - 3*j + 5 - 2 = i. What are the prime factors of o(k)?
2, 17
Let k(w) = w**3 + 6*w**2 - 8*w - 4. Let b be k(-7). Suppose c - 41 = -g - 0*g, 93 = 3*g - b*c. Let s = -9 + g. List the prime factors of s.
3
Let y(u) = -30*u + 149. List the prime factors of y(-30).
1049
Let m be (2/6)/((-13)/429). Let u(r) be the second derivative of -r**3/3 + 9*r**2 - 7*r. List the prime factors of u(m).
2, 5
Let c = 845 - -1738. What are the prime factors of c?
3, 7, 41
Let n(t) = t**2 - 15*t + 12. Let v be n(14). What are the prime factors of 1 - -232 - 2 - v?
233
Let m be (9/15)/((-3)/15). What are the prime factors of m*(-5)/(-30)*-6?
3
Let h(n) = 3*n**3 - 8*n**2 + 3*n - 15. What are the prime factors of h(7)?
643
Let j(d) = d - 8. Let f be j(14). Suppose -f*g + 328 + 170 = 0. What are the prime factors of g?
83
Let o(w) = -11*w + 3. Let l be o(-5). Let d = l - 107. Let y = d - -74. What are the prime factors of y?
5
Suppose -24*d = -59030 - 26266. List the prime factors of d.
2, 1777
List the prime factors of 485/(4 + -7 - -4).
5, 97
Let a be 540/(-21) + (-4)/14. Let q = 2 + 9. Let l = q - a. List the prime factors of l.
37
Suppose -4*k + 0*y + 3*y = -20, -8 = 2*k + 3*y. Let w be (3 + k)*(2 + -3). Let b = w - -61. List the prime factors of b.
2, 7
Suppose -k + 4 = l + 2*l, k - 3*l - 22 = 0. Let f = -11 + k. Suppose 4*x + 3 = f*a - 63, x - 33 = -a. List the prime factors of a.
3, 11
Let t be (-12)/42 - (3 + 122/14). Suppose -2*k + 2*y - 16 = 18, -5*k - 5*y = 75. Let c = t - k. What are the prime factors of c?
2
Suppose 3*h - 6*h + 10 = -y, 2*y - 3*h + 5 = 0. Suppose 0 = -y*r + 15, -o - 4*r + 129 = -0*o. What are the prime factors of o?
3, 13
Let z = -8 + -8. List the prime factors of 11/4 - (-12)/z.
2
Let x(s) = -s**3 + 5*s**2 + 4*s - 16. Let c be x(12). List the prime factors of (c/24)/(4/(-6)).
61
Let q = -10 + 12. Suppose 2*m = -m + 2*s + q, -m - 1 = -s. Suppose -4*j + f + 44 = m*f, j = 4*f - 8. List the prime factors of j.
2
Suppose -3*w = -0*w + 12, -5*p - 4*w = -24. Suppose 0*g - 2*g = p. What are the prime factors of (-1 + g)*1/(-1)?
5
Suppose 12 = 9*j + 66. What are the prime factors of (3 - (-678)/10)/(j/(-15))?
3, 59
Suppose 2*y - p - 3 = 0, -2*y + 4*y = 2*p. Suppose 0 = -0*n - y*n + 144. Suppose 2*i = -i + n. List the prime factors of i.
2
Let h(a) = -7*a**3 + a**2 - 5*a - 3. Let s be h(-2). Suppose -l + s + 46 = 0. What are the prime factors of l?
113
Let o be ((-3)/12)/((-1)/8). Suppose 4*v + 3*k - 192 = -k, 0 = -o*v + 4*k + 114. Let d = 92 - v. What are the prime factors of d?
41
Suppose -2*i + 5376 = 4*i. Suppose 3*w = -5*w + i. What are the prime factors of w?
2, 7
Let a(d) = -9 + d - 3*d - 7*d. Let h be a(-9). List the prime factors of (-4)/(-18) + 128/h.
2
Let i = -2 + 4. Let g be 1/i - 1/2. Suppose 2*s - 47 = -s + 4*k, 3*s + k - 52 = g. What are the prime factors of s?
17
Let s(k) = -29*k - 9 - 8 + 3. What are the prime factors of s(-5)?
131
Let d(o) = 24*o**2 + o + 15. Let p = 42 - 45. List the prime factors of d(p).
2, 3, 19
Suppose -7*s = -0*s - 4046. List the prime factors of s.
2, 17
What are the prime factors of (25/((-1400)/(-2928)))/((-9)/(-42))?
2, 61
Suppose 4*t = 2*z + 564, -3*t = -6*z + 5*z - 425. Let i be (-20)/(-11) - (-26)/t. Suppose -i*q + 18 + 70 = 0. What are the prime factors of q?
2, 11
Let s(f) = 9*f**2 + 4*f + 4. Let w(v) = 17*v**2 + 8*v + 7. Let d(k) = 5*s(k) - 3*w(k). Let c be d(-4). Let q = 119 + c. List the prime factors of q.
2, 19
Let x be 1/1 - (-5 - 4). Suppose -5*g - x - 5 = 0. What are the prime factors of g - (1 - (-3 - -29))?
2, 11
Let b(n) be the second derivative of -21*n**5/4 + n**4/6 - n**2/2 - 15*n. List the prime factors of b(-1).
2, 53
Let f = -39 - -258. List the prime factors of f.
3, 73
Let h = 9 + -4. Suppose -3 - h = 2*j. Let u(k) = k**2 - 3*k - 5. List the prime factors of u(j).
23
Suppose 4*n + 2*z = 4 + 4, 0 = n - 5*z - 2. List the prime factors of n - ((-15)/(-25) - (-33)/(-5)).
2
Suppose 2*h = 3 + 1. Suppose 0*r + 5*r = 3*a + 93, -5*a + 3*r - 171 = 0. List the prime factors of a/(-2) - (-2)/h.
19
Suppose -4*y = u - 45, -2*y - 4*u = 2*y - 48. Let p(v) = v**2 - 9*v - 16. Let b be p(y). List the prime factors of b/3 - (-3 - 2).
7
Suppose -2*r + v = 1, 0*r + 5*v = r + 5. Suppose r = 3*p + p. Suppose 80 = 4*i - p*i. What are the prime factors of i?
2, 5
Suppose 0 = -2*f + z + 200, -2*f + 184 = -z + 4*z. Let y = f - -4. List the prime factors of y.
2, 3, 17
Let z = -307 - -643. List the prime factors of z.
2, 3, 7
Let m(f) = -f**3 + 5*f**2 + 9*f - 7. Suppose -3*x - 3*d - d = 17, -3*d = 3*x + 15. Let o = x + 9. What are the prime factors of m(o)?
11
What are the prime factors of ((-2)/4)/(6/(-18120))?
2, 5, 151
Suppose 4*y - 3*m - 2978 = 769, 4*y + 2*m = 3722. What are the prime factors of y?
3, 311
Suppose 0 = 3*o + 4*m - 2*m - 17, 0 = -4*o - m + 21. Suppose -255 = -2*x - 5*k, -o*x - 2*k + 916 = 226. What are the prime factors of x?
2, 5, 7
What are the prime factors of (7 + -2 - 4)/(8/10840)?
5, 271
Let d be (148/10)/(20/50). List the prime factors of (d - -1)/((-32)/(-96)).
2, 3, 19
Let x = 4427 + -615. List the prime factors of x.
2, 953
Let v be 3 + (0 + 9)/3. Suppose 4*s - 111 = 3*a, -3*s - 84 = -v*s + 2*a. What are the prime factors of s?
2, 3, 5
Let y = -281 - -669. Suppose 2*q + y + 638 = 4*a, -a + 2*q + 252 = 0. Suppose 22 + a = 5*v. List the prime factors of v.
2, 7
What are the prime factors of 14984/10 - (7 - (-570)/(-75))?
1499
Suppose -56 = 6*b + 100. Let m = 50 - b. What are the prime factors of m?
2, 19
Let u be (10/(-6))/((-6)/(-9))*-12. Suppose 2*n = -5 - 19. List the prime factors of 2/n + 545/u.
2, 3
Suppose 0 = 2*t - 0*k + 2*k + 4, 0 = 5*t - 3*k - 30. Suppose n + t*n - 4 = 0. Suppose -3*f = -110 - n. What are the prime factors of f?
37
Let z(w) = -w**2 - 11*w - 28. Let o be z(-7). Let f(s) = 3*s + 153. What are the prime factors of f(o)?
3, 17
Let n(d) = 2*d - 4. Let t(l) = -2*l + 5. Let p(a) = 6*n(a) + 4*t(a). List the prime factors of p(4).
2, 3
Suppose -15 = 5*z, -3*b + b = -3*z - 13. Suppose -2*r - 18 = -2*q, -b*r - 26 = -5*q + q. Suppose q*a - 300 = -a. What are the prime factors of a?
2, 3, 5
Let b(d) = -2*d + 44. Let o be b(25). What are the prime factors of 1757/28 - o/(-8)?
2, 31
Let c be (-1665)/(-18) - (-2)/(-4). Suppose 302 = 7